 prime number?
True
Is 20389 a composite number?
False
Is 963211 a composite number?
False
Is 119921 a composite number?
False
Is 225053 a composite number?
True
Is 427681 a composite number?
False
Is 195501 prime?
False
Is 379499 a prime number?
True
Is 12197 a composite number?
False
Is 352069 a composite number?
False
Is 371 prime?
False
Is 319 a prime number?
False
Is 41577 prime?
False
Is 1109705 a composite number?
True
Is 1515695 composite?
True
Is 195821 a composite number?
True
Is 12469 a prime number?
False
Is 2231 a composite number?
True
Is 16547 a composite number?
False
Is 1031999 a prime number?
True
Is 3336187 composite?
True
Is 4673 a composite number?
False
Is 972071 prime?
True
Is 171562 a composite number?
True
Is 415321 composite?
True
Is 131243 a prime number?
False
Is 321109 composite?
False
Is 43889 a prime number?
True
Is 259271 prime?
True
Is 187751 prime?
True
Is 6731 a prime number?
False
Is 59827 prime?
False
Is 704399 a composite number?
False
Is 1211027 a prime number?
True
Is 28493 a composite number?
False
Is 387037 a composite number?
True
Is 533293 a prime number?
False
Is 2411 composite?
False
Is 46217 composite?
True
Is 37613 composite?
True
Is 3967 composite?
False
Is 25019 a composite number?
True
Is 216565 a prime number?
False
Is 3161 prime?
False
Is 507959 prime?
False
Is 16234 composite?
True
Is 96323 a composite number?
False
Is 28286 a composite number?
True
Is 1436849 a composite number?
False
Is 107419 composite?
True
Is 329341 prime?
False
Is 393301 composite?
False
Is 397897 composite?
False
Is 441946 prime?
False
Is 148587 prime?
False
Is 73279 a prime number?
False
Is 347365 a composite number?
True
Is 210299 a prime number?
True
Is 9287 a prime number?
False
Is 279779 prime?
True
Is 524801 prime?
True
Is 81509 a prime number?
True
Is 109159 a prime number?
True
Is 6117 composite?
True
Is 71567 composite?
True
Is 10379 composite?
True
Is 120161 a prime number?
False
Is 2569 composite?
True
Is 13415 a composite number?
True
Is 117037 prime?
True
Is 39651 prime?
False
Is 182239 a composite number?
False
Is 97301 a prime number?
True
Is 17723 composite?
True
Is 273149 composite?
False
Is 263803 a prime number?
True
Is 84827 composite?
False
Is 379759 prime?
False
Is 3167737 a prime number?
False
Is 251359 a composite number?
False
Is 1130267 composite?
False
Is 71481 a prime number?
False
Is 297343 composite?
True
Is 1167391 prime?
True
Is 1073 composite?
True
Is 64319 prime?
True
Is 24422 composite?
True
Is 3109 a composite number?
False
Is 14767 composite?
False
Is 8513 composite?
False
Is 6609 a prime number?
False
Is 32069 composite?
False
Is 106157 prime?
False
Is 8267 a composite number?
True
Is 1439 a prime number?
True
Is 174349 a composite number?
True
Is 10529 prime?
True
Is 1943 composite?
True
Is 267991 a prime number?
False
Is 559133 prime?
True
Is 2025409 composite?
False
Is 526873 composite?
True
Is 1397 a prime number?
False
Is 1279583 composite?
False
Is 193427 a prime number?
False
Is 9491 prime?
True
Is 429593 a composite number?
True
Is 201151 composite?
False
Is 1399579 composite?
False
Is 1043 a prime number?
False
Is 96377 prime?
True
Is 2262901 a composite number?
True
Is 146009 a composite number?
False
Is 4289 prime?
True
Is 9239 a prime number?
True
Is 70631 prime?
False
Is 26653 prime?
False
Is 17869 a prime number?
False
Is 9343 prime?
True
Is 920947 a prime number?
True
Is 5173 composite?
True
Is 587459 a composite number?
False
Is 43391 a prime number?
True
Is 2376671 a prime number?
False
Is 1825277 composite?
False
Is 9391 a composite number?
False
Is 2376529 a composite number?
False
Is 281593 prime?
False
Is 143011 a composite number?
True
Is 11519 prime?
True
Is 114739 prime?
False
Is 82931 a composite number?
True
Is 12007 a prime number?
True
Is 7427 a prime number?
False
Is 1694633 a composite number?
True
Is 29611 prime?
True
Is 145741 a composite number?
True
Is 7817 composite?
False
Is 4709 a prime number?
False
Is 13809 prime?
False
Is 166153 a prime number?
False
Is 150323 a prime number?
True
Is 1211327 composite?
True
Is 48629 a prime number?
False
Is 9599 a prime number?
False
Is 2095 a prime number?
False
Is 31307 composite?
False
Is 136163 a composite number?
False
Is 61651 a prime number?
True
Is 504683 prime?
True
Is 60317 a composite number?
False
Is 284989 composite?
False
Is 10037 a composite number?
False
Is 797897 a composite number?
False
Is 104207 prime?
True
Is 1391 a prime number?
False
Is 10057 a composite number?
True
Is 97201 a composite number?
True
Is 143549 a prime number?
False
Is 1295839 prime?
True
Is 52729 a prime number?
False
Is 14591 a prime number?
True
Is 242057 a composite number?
False
Is 15121 composite?
False
Is 27403 a composite number?
True
Is 56299 prime?
True
Is 161947 a prime number?
True
Is 45743 prime?
False
Is 190093 composite?
False
Is 54037 a prime number?
True
Is 1937 prime?
False
Is 3020971 composite?
False
Is 1193 a composite number?
False
Is 86363 a composite number?
True
Is 215583 a composite number?
True
Is 74411 a prime number?
True
Is 618433 a prime number?
False
Is 234751 prime?
False
Is 8057 a prime number?
False
Is 677 composite?
False
Is 468721 composite?
True
Is 18949 composite?
True
Is 9901 a prime number?
True
Is 32605 prime?
False
Is 7694 a composite number?
True
Is 3739 prime?
True
Is 9326 composite?
True
Is 5209 a prime number?
True
Is 1618367 prime?
True
Is 158843 a prime number?
True
Is 164915 prime?
False
Is 73391 composite?
True
Is 1003 a prime number?
False
Is 40539 prime?
False
Is 38015 a prime number?
False
Is 6547 a prime number?
True
Is 1439513 a prime number?
True
Is 1373 composite?
False
Is 63101 composite?
True
Is 171007 a prime number?
True
Is 69593 prime?
True
Is 60199 a prime number?
False
Is 43237 composite?
False
Is 14037 a composite number?
True
Is 31813 a composite number?
True
Is 913 prime?
False
Is 77449 prime?
False
Is 5447 prime?
False
Is 13649 a composite number?
False
Is 116341 a composite number?
False
Is 30089 composite?
False
Is 378781 a prime number?
False
Is 29647 a composite number?
True
Is 39679 a prime number?
True
Is 31829 a prime number?
False
Is 712133 a prime number?
True
Is 143215 a prime number?
False
Is 691 a composite number?
False
Is 7501 a prime number?
False
Is 179071 composite?
True
Is 3163 composite?
False
Is 124087 composite?
False
Is 4271 a composite number?
False
Is 202123 composite?
True
Is 37753 a prime number?
False
Is 311099 a prime number?
True
Is 27613 composite?
True
Is 1961 composite?
True
Is 57151 prime?
False
Is 60317 a prime number?
True
Is 460787 composite?
False
Is 38489 a composite number?
True
Is 19571 composite?
False
Is 30259 composite?
False
Is 134954 a composite number?
True
Is 6449 a prime number?
True
Is 123911 prime?
True
Is 1277 a composite number?
False
Is 3137 a prime number?
True
Is 120539 composite?
False
Is 13309 a prime number?
True
Is 4073437 a composite number?
False
Is 3093995 composite?
True
Is 259397 composite?
False
Is 235834 a composite number?
True
Is 1656653 composite?
True
Is 693827 prime?
True
Is 431663 prime?
True
Is 54358 a prime number?
False
Is 10243 a prime number?
True
Is 2395 prime?
False
Is 9031 a composite number?
True
Is 60589 composite?
False
Is 5039 a composite number?
False
Is 150649 composite?
False
Is 56659 a prime number?
True
Is 6029 a prime number?
True
Is 28961 prime?
True
Is 111029 a composite number?
False
Is 11153 prime?
False
Is 555569 a prime number?
False
Is 95963 a prime number?
False
Is 14221 prime?
True
Is 2041 composite?
True
Is 890881 composite?
False
Is 1060519 prime?
True
Is 3137 prime?
True
Is 7603 a composite number?
False
Is 990463 composite?
False
Is 1250429 prime?
False
Is 8939 composite?
True
Is 383027 prime?
False
Is 347879 prime?
False
Is 36845 composite?
True
Is 12323 a composite number?
False
Is 358327 a composite number?
False
Is 805097 composite?
False
Is 10597 composite?
False
Is 136893 prime?
False
Is 624779 prime?
False
Is 397 a composite number?
False
Is 62459 a prime number?
True
Is 3415 a prime number?
False
Is 15817 a prime number?
True
Is 20993 a composite number?
True
Is 36213 a composite number?
True
Is 1126649 prime?
True
Is 863 prime?
True
Is 5